{"id":751,"date":"2018-08-23T20:56:35","date_gmt":"2018-08-23T18:56:35","guid":{"rendered":"http:\/\/www.la-novita.ch\/lanovita\/?page_id=751"},"modified":"2023-01-26T18:21:48","modified_gmt":"2023-01-26T17:21:48","slug":"impressum","status":"publish","type":"page","link":"https:\/\/www.la-novita.ch\/lanovita\/impressum\/","title":{"rendered":"Impressum"},"content":{"rendered":"<div class=\"wpb-content-wrapper\"><p>[vc_row row_type=&#8220;row&#8220; use_row_as_full_screen_section=&#8220;no&#8220; type=&#8220;grid&#8220; text_align=&#8220;center&#8220; padding_bottom=&#8220;60&#8243; css_animation=&#8220;&#8220;][vc_column offset=&#8220;vc_col-lg-offset-1 vc_col-lg-10 vc_col-sm-offset-0&#8243;][vc_column_text]<\/p>\n<h2 style=\"text-align: left;\">Impressum<\/h2>\n<p>&nbsp;<\/p>\n<p style=\"text-align: left;\"><em><strong>Kontakt-Adresse<\/strong><\/em><\/p>\n<p style=\"text-align: left;\">La Novit\u00e0 Caff\u00e8 Restaurant Pizzeria GmbH<br \/>\nBahnhofplatz 5<br \/>\n6060 Sarnen<\/p>\n<p style=\"text-align: left;\">Telefon 041 660 12 04<br \/>\nE-Mail:\u00a0<a href=\"mailto:la-novita@hotmail.com\" target=\"_blank\" rel=\"noopener\">la-novita@hotmail.com<\/a><\/p>\n<p>&nbsp;<\/p>\n<p style=\"text-align: left;\"><em><strong>Vertretungsberechtigte Person(en)<\/strong><\/em><\/p>\n<p style=\"text-align: left;\">Marino Giuri<\/p>\n<p>&nbsp;<\/p>\n<p style=\"text-align: left;\"><strong><i>Handelsregister-Eintrag<\/i><\/strong><\/p>\n<p>&nbsp;<\/p>\n<p style=\"text-align: left;\">Eingetragener Firmenname:<br \/>\n<strong>La Novit\u00e0 Caff\u00e8 Restaurant Pizzeria GmbH<\/strong><\/p>\n<p>&nbsp;<\/p>\n<p style=\"text-align: left;\">Unternehmens-Nr (UID):<br \/>\n<strong>CHE-115.761.315<\/strong><\/p>\n<p>&nbsp;<\/p>\n<p style=\"text-align: left;\">Mehrwertsteuer-Nummer<br \/>\n<strong>CHE-115.761.315 MWST<\/strong><\/p>\n<p>&nbsp;<\/p>\n<p style=\"text-align: left;\"><strong><i>Haftungsausschluss<\/i><\/strong><\/p>\n<p style=\"text-align: left;\">Der Autor \u00fcbernimmt keinerlei Gew\u00e4hr hinsichtlich der inhaltlichen Richtigkeit, Genauigkeit, Aktualit\u00e4t, Zuverl\u00e4ssigkeit und Vollst\u00e4ndigkeit der Informationen.<\/p>\n<p style=\"text-align: left;\">Haftungsanspr\u00fcche gegen den Autor wegen Sch\u00e4den materieller oder immaterieller Art, welche aus dem Zugriff oder der Nutzung bzw. Nichtnutzung der ver\u00f6ffentlichten Informationen, durch Missbrauch der Verbindung oder durch technische St\u00f6rungen entstanden sind, werden ausgeschlossen.<\/p>\n<p style=\"text-align: left;\">Alle Angebote sind unverbindlich. Der Autor beh\u00e4lt es sich ausdr\u00fccklich vor, Teile der Seiten oder das gesamte Angebot ohne besondere Ank\u00fcndigung zu ver\u00e4ndern, zu erg\u00e4nzen, zu l\u00f6schen oder die Ver\u00f6ffentlichung zeitweise oder endg\u00fcltig einzustellen.<\/p>\n<p>&nbsp;<\/p>\n<p style=\"text-align: left;\"><strong><i>Haftungsausschluss f\u00fcr Links<\/i><\/strong><\/p>\n<p style=\"text-align: left;\">Verweise und Links auf Webseiten Dritter liegen ausserhalb unseres Verantwortungsbereichs. Es wird jegliche Verantwortung f\u00fcr solche Webseiten abgelehnt. Der Zugriff und die Nutzung solcher Webseiten erfolgen auf eigene Gefahr des jeweiligen Nutzers.<\/p>\n<p>&nbsp;<\/p>\n<p style=\"text-align: left;\"><strong><i>Urheberrechte<\/i><\/strong><\/p>\n<p style=\"text-align: left;\">Die Urheber- und alle anderen Rechte an Inhalten, Bildern, Fotos oder anderen Dateien auf dieser Website, geh\u00f6ren ausschliesslich <strong>der Firma La Novit\u00e0 Caff\u00e8 Restaurant Pizzeria GmbH<\/strong> oder den speziell genannten Rechteinhabern. F\u00fcr die Reproduktion jeglicher Elemente ist die schriftliche Zustimmung des Urheberrechtstr\u00e4gers im Voraus einzuholen.<\/p>\n<p>&nbsp;<\/p>\n<p style=\"text-align: left;\"><!--ACHTUNG: Wenn Sie die Quelle ohne Erlaubnis von SwissAnwalt entfernen, dann begehen Sie eine Urheberrechtsverletzung welche in jedem Fall geahndet wird.-->Quelle: <a href=\"https:\/\/www.swissanwalt.ch\" target=\"_blank\" rel=\"noopener\">SwissAnwalt<\/a><!--Bitte beachten Sie die AGB von SwissAnwalt betreffend allf&auml;llig anfallenden Kosten bei Weglassen der Quelle!--><\/p>\n<p>[\/vc_column_text][vc_separator type=&#8220;transparent&#8220; border_style=&#8220;&#8220; up=&#8220;60&#8243;][vc_column_text]<\/p>\n<h3 style=\"text-align: left;\">Konzeption und Gestaltung<\/h3>\n<p style=\"text-align: left;\"><a href=\"https:\/\/www.davidee.ch\" target=\"_blank\" rel=\"noopener noreferrer\">davidee.ch visuelle gestaltung<\/a><br \/>\nDavide Palumbo, Postfach, 6060 Sarnen<br \/>\n<a href=\"http:\/\/www.davidee.ch\" target=\"_blank\" rel=\"noopener\">www.davidee.ch<\/a><\/p>\n<p>[\/vc_column_text][\/vc_column][\/vc_row][vc_row row_type=&#8220;row&#8220; use_row_as_full_screen_section=&#8220;no&#8220; type=&#8220;full_width&#8220; text_align=&#8220;left&#8220; css_animation=&#8220;&#8220;][vc_column][vc_separator type=&#8220;transparent&#8220; border_style=&#8220;&#8220; up=&#8220;100&#8243;][\/vc_column][\/vc_row]<\/p>\n<\/div>","protected":false},"excerpt":{"rendered":"<p>[vc_row row_type=&#8220;row&#8220; use_row_as_full_screen_section=&#8220;no&#8220; type=&#8220;grid&#8220; text_align=&#8220;center&#8220; padding_bottom=&#8220;60&#8243; css_animation=&#8220;&#8220;][vc_column offset=&#8220;vc_col-lg-offset-1 vc_col-lg-10 vc_col-sm-offset-0&#8243;][vc_column_text] Impressum &nbsp; Kontakt-Adresse La Novit\u00e0 Caff\u00e8 Restaurant Pizzeria GmbH Bahnhofplatz 5 6060 Sarnen Telefon 041 660 12 04 E-Mail:\u00a0la-novita@hotmail.com &nbsp; Vertretungsberechtigte Person(en) Marino Giuri &nbsp; Handelsregister-Eintrag &nbsp; Eingetragener Firmenname: La Novit\u00e0 Caff\u00e8 Restaurant Pizzeria GmbH&#8230;<\/p>\n","protected":false},"author":1,"featured_media":0,"parent":0,"menu_order":0,"comment_status":"closed","ping_status":"closed","template":"full_width.php","meta":{"footnotes":""},"class_list":["post-751","page","type-page","status-publish","hentry"],"_links":{"self":[{"href":"https:\/\/www.la-novita.ch\/lanovita\/wp-json\/wp\/v2\/pages\/751","targetHints":{"allow":["GET"]}}],"collection":[{"href":"https:\/\/www.la-novita.ch\/lanovita\/wp-json\/wp\/v2\/pages"}],"about":[{"href":"https:\/\/www.la-novita.ch\/lanovita\/wp-json\/wp\/v2\/types\/page"}],"author":[{"embeddable":true,"href":"https:\/\/www.la-novita.ch\/lanovita\/wp-json\/wp\/v2\/users\/1"}],"replies":[{"embeddable":true,"href":"https:\/\/www.la-novita.ch\/lanovita\/wp-json\/wp\/v2\/comments?post=751"}],"version-history":[{"count":0,"href":"https:\/\/www.la-novita.ch\/lanovita\/wp-json\/wp\/v2\/pages\/751\/revisions"}],"wp:attachment":[{"href":"https:\/\/www.la-novita.ch\/lanovita\/wp-json\/wp\/v2\/media?parent=751"}],"curies":[{"name":"wp","href":"https:\/\/api.w.org\/{rel}","templated":true}]}}